57. Suppose -68 = -8*c + 140. Let u be r(c). Suppose -u*g = -444 - 106. What is the units digit of g?
0
Suppose -658*f = -644*f - 52584. What is the hundreds digit of f?
7
What is the units digit of ((-22)/(-11) - 4)/(2/(-48454))?
4
Suppose -85*p - 1033056 + 1318119 = -4740222. What is the thousands digit of p?
9
Let c be (0 - 155)/(2/(-2)). Let i = -209 + 126. Let v = i + c. What is the tens digit of v?
7
Suppose 0 = r + 4*x - 1 + 25, 2*r + 51 = -5*x. Let o = 1755 + r. What is the hundreds digit of o?
7
Let f(m) = -m - 4. Let b be (-20 - 0)/5*1. Let v be f(b). What is the units digit of (2 - v - -15)/(10/50)?
5
Let x = -27637 + 67242. What is the units digit of x?
5
Let u be 946 + -18 + 10 + -1 + 7. Let z = u + -838. What is the tens digit of z?
0
Suppose 0 = -3*y - 31*y + 655114 - 83472. What is the thousands digit of y?
6
Suppose 33761 = 2*a - 3*j, a - 5*j + 6*j = 16868. What is the hundreds digit of a?
8
Suppose 0 = n - 3*n - 3*i + 7, -2*n = 2*i - 6. Suppose n*r - 461 = -q, -9*q + 10*q + 232 = r. What is the hundreds digit of r?
2
Suppose 6*t - 4021 + 11641 = 0. Let q be -2 - t/4 - 3/(-2). Suppose 3*z + 4*c = 254, 2*z = 6*z + c - q. What is the tens digit of z?
7
Suppose -38*a + 654490 + 145870 = 47*a. What is the tens digit of a?
1
Suppose 7*j + 3274 = n + 3*j, -3*n + 9801 = -5*j. What is the tens digit of n?
6
Let d = 78538 - 16363. What is the hundreds digit of d?
1
Let v be (1 + -2)/(6/(-13674)). Suppose m + 1140 = 2*m - f, 3*f + v = 2*m. What is the tens digit of m?
4
Let o = 49802 - 31421. What is the hundreds digit of o?
3
Let n(a) = 36*a - 33*a - 5 + a**2 - 5. Let b be n(-5). Suppose -3*r = 2*d - 521, b = -r - 4*d - 44 + 221. What is the tens digit of r?
7
Let p(f) = 37*f**2 + 24*f + 20. What is the units digit of p(12)?
6
Suppose 0 = -3*m - 5*n + 20, 4*m - 4*n = -m - 16. Let x(k) = -k**2 - k + 10. Let z be x(m). Suppose 16*a - z*a = 1530. What is the hundreds digit of a?
2
What is the hundreds digit of (3 - 114)*6463/(-69)?
3
Let n = -48 + 50. Suppose 19 = n*a + 9. Suppose 2*l + 2*v - 4 = -0*v, l + a*v + 18 = 0. What is the units digit of l?
7
Let z = 12 + -13. Let d be (z - 3)*(0 + 4 + 0). Let x = d + 130. What is the tens digit of x?
1
Let x(q) be the third derivative of 17*q**3 + 0 + 0*q - 10*q**2 + 1/24*q**4 - 1/30*q**5. What is the tens digit of x(0)?
0
Let x be 256/(-120) - ((-32)/60)/4. What is the hundreds digit of (-5)/(35/x) + (-16878)/(-21)?
8
Let h(l) = 50*l**2 - 14*l - 648. What is the hundreds digit of h(-26)?
5
Let o(g) = 1350*g + 601. What is the units digit of o(7)?
1
Suppose 0 = -50*d + 45*d + 50675. What is the ten thousands digit of d?
1
Let z = -28135 + 43450. What is the tens digit of z?
1
Let u(o) = -287*o**3 + 6*o**2 + 659*o + 3278. What is the thousands digit of u(-5)?
6
Let r = -72 + 97. Let f(v) = 132*v - 83. Let a be f(r). Suppose 11*o + 335 = a. What is the hundreds digit of o?
2
Let q(u) = -735*u - 7229. What is the thousands digit of q(-124)?
3
Let m = -41037 - -105052. What is the tens digit of m?
1
Suppose -i + 247 = -4*x, 0*x + 252 = i - 3*x. Let j = i + -49. What is the units digit of j?
8
Let d(b) = -b**3 - b**2 - 5*b - 25. Let f be d(-3). Suppose 2*v + 5328 = f*v. What is the tens digit of v?
8
Let h(q) = -477*q - 85. Let l be h(-6). Suppose -o - 243 + 787 = 4*x, 5*o + x = l. What is the units digit of o?
6
Suppose 464 = -4*z - b - 200, -3*z - 515 = 5*b. Let l = 270 + z. What is the tens digit of l?
0
Let h be (-10)/(4 + -3 - 3). Suppose h*q - 5 = 5. What is the units digit of q/(-5) + 42/5?
8
Let s(u) = u**2 + 6*u + 2. Let r be s(-5). What is the units digit of (r/(-3))/((-4)/(-28))?
7
Let x(s) = s**3 + 2*s**2 - s + 5. Let i be x(0). Let p be i/(5/9) + 2. Suppose -g = p - 48. What is the tens digit of g?
3
Let i = 62 - 35. Suppose 31 - i = 2*r. Suppose 4 = r*q - 206. What is the hundreds digit of q?
1
Suppose 0 = -7*d - 116 - 178. What is the tens digit of (1 - (-36)/d) + 12606/7?
0
Suppose 3*t = c - 1, 2*t + 3 = 5*c - 2. Let b(y) = -y + 0*y + 14 + 11*y + t. What is the tens digit of b(12)?
3
Suppose 1480 = v + 4*b - 2896, 0 = -v - 5*b + 4375. What is the tens digit of v?
8
Let m = -64 + -11. Let g = 219 - m. What is the tens digit of g?
9
Suppose -5*f + 61 = -29. Suppose -2 + f = -j. What is the units digit of (j/24)/((-4)/6)?
1
What is the tens digit of 37325*2/8 + 8/(-9 - 23)?
3
What is the tens digit of (0 + 36963/(-18))/((-3)/10)?
4
Let z = 7 + -5. Let w be ((-3)/(-4))/(z/(456/1)). Suppose 9*a + w = 12*a. What is the tens digit of a?
5
Suppose -3*p + 3 = 0, -35 = -4*j + 7*p - 2*p. Let i be 20/(15/j*(-8)/186). Let z = -210 - i. What is the units digit of z?
0
What is the tens digit of (416517/(-18) - (-4)/(-6))*(-4)/6?
2
Let q be (2 - -4)/(4/(-2) + 3). Let v be (8/q*-1)/(6/(-9)). Suppose 6*l - 360 = v*l. What is the tens digit of l?
9
Let g = -60 + 54. Let n = 229 - g. Suppose 9*s - n = 4*s. What is the units digit of s?
7
Suppose 0 = -29*d + 31*d - 704. Suppose 0 = 4*n - 8, -10*c = -8*c + 2*n - d. What is the hundreds digit of c?
1
Let n = 97567 - 51148. What is the thousands digit of n?
6
Let a(i) = -i**3 - 3*i**2 + 11. Let j(n) = -n + 1. Let m be j(6). Let t be a(m). Let p = t + -30. What is the units digit of p?
1
Let l(k) = k**3 - 11*k**2 + 15*k - 30. Let j be l(11). Let z = 291 - j. What is the units digit of z?
6
Suppose -43*d + 267671 + 440582 = 0. What is the tens digit of d?
7
Suppose -81*y - 79*y + 40*y = -480000. What is the units digit of y?
0
Let i = 19342 + 6548. What is the hundreds digit of i?
8
Suppose 16*a = -144569 + 383993. What is the tens digit of a?
6
Let c(h) = 40*h**2 - 3*h + 2. Suppose -5*w = -3*r + 11, w + 4*w + 2*r + 26 = 0. What is the tens digit of c(w)?
5
Suppose -3*a - 7*x + 9*x + 172040 = 0, -16 = -2*x. What is the tens digit of a?
5
Suppose 154 + 428 = 3*n. Suppose -4*o + 55 - 237 = -5*a, 5*a - n = -2*o. Let i = 113 - a. What is the tens digit of i?
7
Suppose 13*s + 23873 - 6518 = 0. Let l = s + 2298. What is the tens digit of l?
6
Suppose -b = 2*b + 411. Suppose -837 = -4*g + 3*k, 0 = -25*g + 26*g + 2*k - 223. Let u = g + b. What is the units digit of u?
6
Let i = -13714 - -27315. What is the tens digit of i?
0
Suppose -2*a = 132*q - 134*q + 15506, 4*a = -5*q + 38774. What is the units digit of q?
4
Suppose -152 = -c - c. What is the units digit of (5814/c)/((-1)/((-4)/2))?
3
What is the ten thousands digit of ((-3474226)/(-148))/(6/12)?
4
What is the ten thousands digit of 57/(-2)*431*(-44)/33?
1
Let w = -33935 - -42146. What is the units digit of w?
1
Suppose 1265274 + 614885 = 107*w - 3948345. What is the units digit of w?
2
What is the hundreds digit of (-7 + 2)*-3*3/(-45)*-63064?
0
Let r = 37504 + 10937. What is the thousands digit of r?
8
Suppose 12017 = 2*h - 22649. What is the tens digit of h?
3
Let m be (-4)/(-2)*1881/(-38). Let v = m - -107. Suppose -1240 = -v*b + 384. What is the hundreds digit of b?
2
Let o(b) = 3*b**2 - 150*b + 75. What is the tens digit of o(-22)?
2
Let y = 72 - 69. Let c(v) = 81*v - 14. What is the tens digit of c(y)?
2
Suppose -34 - 54 = -8*r. Suppose r + 3 = g. Suppose 921 = g*x - 885. What is the units digit of x?
9
Suppose 0 = 52*s - 12*s - 552160. What is the thousands digit of s?
3
Let a = -103 - -106. Suppose -a*l = -4*l - 2*s + 97, -2 = s. Let w = l + -99. What is the units digit of w?
2
Let t be 3 - -11 - 21/3. What is the tens digit of (t/(-4))/((-52)/1456)?
4
Suppose 0 = 6*c - 1460 - 5326. What is the hundreds digit of c?
1
What is the thousands digit of (4/6)/(-25*(-23)/43783950)?
0
Let u be (0 + -1 + -2)*-2. Let m(k) = 4*k**3 + 4*k**2 - 5*k - 4. What is the tens digit of m(u)?
7
Let m = -12781 + 24198. What is the ten thousands digit of m?
1
Let k(y) = -2*y**3 - 284*y**2 + 135*y - 59. What is the ten thousands digit of k(-143)?
2
Suppose 4*u = 15*u - 4*u - 164745. What is the tens digit of u?
3
Suppose 2*j - u = u + 6, -2*j + 2 = 2*u. Suppose -237 = 2*s - 5*s + a, s + j*a = 79. What is the tens digit of s?
7
Let y(n) be the third derivative of n**5/30 + 5*n**4/12 + 3*n**3/2 - 32*n**2. What is the tens digit of y(-8)?
5
Suppose -4*x + 275 = -5*c, 12*c - 15*c = -x + 165. Let v = 15 - c. What is the tens digit of v?
7
Let s(t) = -32*t - 318. Let n be s(-10). Suppose -n*a - c + 3225 = 0, 6*c + 3223 = 2*a + 5*